{"id":1144,"date":"2022-07-08T15:49:40","date_gmt":"2022-07-08T13:49:40","guid":{"rendered":"http:\/\/www.senior.drwinia.pl\/?page_id=1144"},"modified":"2025-07-22T15:41:32","modified_gmt":"2025-07-22T13:41:32","slug":"programy-realizowane-ze-srodkow-budzetu-panstwa","status":"publish","type":"page","link":"https:\/\/senior.drwinia.pl\/?page_id=1144","title":{"rendered":"Programy realizowane ze \u015brodk\u00f3w bud\u017cetu pa\u0144stwa."},"content":{"rendered":"<p><a href=\"https:\/\/senior.drwinia.pl\/wp-content\/uploads\/2022\/07\/beznazwy.png\"><img loading=\"lazy\" decoding=\"async\" class=\"alignnone size-full wp-image-1145\" src=\"https:\/\/senior.drwinia.pl\/wp-content\/uploads\/2022\/07\/beznazwy.png\" alt=\"\" width=\"605\" height=\"341\" srcset=\"https:\/\/senior.drwinia.pl\/wp-content\/uploads\/2022\/07\/beznazwy.png 605w, https:\/\/senior.drwinia.pl\/wp-content\/uploads\/2022\/07\/beznazwy-300x169.png 300w\" sizes=\"auto, (max-width: 605px) 100vw, 605px\" \/><\/a><\/p>\n<p><strong>Program Wieloletni \u201cSenior+\u201d edycja 2025<\/strong><\/p>\n<p><strong>DOFINANSOWANIE 64 800,00 z\u0142<\/strong><\/p>\n<p><strong>CA\u0141KOWITA WARTO\u015a\u0106\u00a0 158 432,00 z\u0142<\/strong><\/p>\n<p>&nbsp;<\/p>\n<p><strong>Program Wieloletni \u201cSenior+\u201d edycja 2024<\/strong><\/p>\n<p><strong>DOFINANSOWANIE\u00a0 61 920,00 z\u0142<\/strong><\/p>\n<p><strong>CA\u0141KOWITA WARTO\u015a\u0106\u00a0 146 407,68 z\u0142<\/strong><\/p>\n<p>&nbsp;<\/p>\n<p><strong>Program Wieloletni \u201cSenior+\u201d edycja 2023<\/strong><\/p>\n<p><strong>DOFINANSOWANIE\u00a0 61 200,00 z\u0142<\/strong><\/p>\n<p><strong>CA\u0141KOWITA WARTO\u015a\u0106\u00a0 173 886,08 z\u0142<\/strong><\/p>\n<p>&nbsp;<\/p>\n<p><strong>Program wieloletni \u201eSenior +\u201d edycja 2022<\/strong><\/p>\n<p><strong>DOFINANSOWANIE\u00a0\u00a0 55 958,00 z\u0142<\/strong><\/p>\n<p><strong>CA\u0141KOWITA WARTO\u015a\u0106\u00a0\u00a0 142 345,16 z\u0142<\/strong><\/p>\n<p>Program wieloletni \u201eSenior +\u201d na lata 2021 &#8211; 2025 edycja 2022 \u2013w ramach dzia\u0142u\u00a0 852 Pomoc spo\u0142eczna, rozdzia\u0142u 85295 pozosta\u0142a dzia\u0142alno\u015b\u0107 \u00a7 2030 klasyfikacji bud\u017cetowej,\u00a0 \u015brodki finansowe w formie dotacji celowej z bud\u017cetu pa\u0144stwa w wysoko\u015bci 55 958,00 z\u0142 na wydatki bie\u017c\u0105ce (bud\u017cet zadaniowy: 13.1.4.1 \u2013 Wspieranie aktywnego starzenia si\u0119).<\/p>\n<p>Dotacja przeznaczona jest na dofinansowanie zadania w\u0142asnego Gminy Drwinia \u2013 Gminnego O\u015brodka Pomocy Spo\u0142ecznej w Drwini polegaj\u0105cego na zapewnieniu funkcjonowania o\u015brodka wsparcia dla os\u00f3b starszych w zakresie ustalonym w programie wieloletnim \u201eSenior +\u201d na lata 2021 \u2013 2025 w brzmieniu ustalonym w za\u0142\u0105czniku do uchwa\u0142y nr 191 Rady Ministr\u00f3w z 21 grudnia 2020 r. oraz og\u0142oszeniu o otwartym konkursie ofert \u201eSenior +\u201d edycja 2022 r. Celem dotacji jest zwi\u0119kszenie aktywnego uczestnictwa w \u017cyciu spo\u0142ecznym os\u00f3b w wieku 60 lat i wi\u0119cej poprzez wykorzystanie infrastruktury o\u015brodk\u00f3w wsparcia dziennych dom\u00f3w i klub\u00f3w \u201cSenior+.<\/p>\n<p><strong>DOFINANSOWANIE\u00a0\u00a0 55 958,00 z\u0142<\/strong><\/p>\n<p><strong>CA\u0141KOWITA WARTO\u015a\u0106\u00a0\u00a0 142 345,16 z\u0142<\/strong><\/p>\n","protected":false},"excerpt":{"rendered":"<p>Program Wieloletni \u201cSenior+\u201d edycja 2025 DOFINANSOWANIE 64 800,00 z\u0142 CA\u0141KOWITA WARTO\u015a\u0106\u00a0 158 432,00 z\u0142 &nbsp; Program Wieloletni \u201cSenior+\u201d edycja 2024 DOFINANSOWANIE\u00a0 61 920,00 z\u0142 CA\u0141KOWITA WARTO\u015a\u0106\u00a0 146 407,68 z\u0142 &nbsp; Program Wieloletni \u201cSenior+\u201d edycja 2023 DOFINANSOWANIE\u00a0 61 200,00 z\u0142 CA\u0141KOWITA WARTO\u015a\u0106\u00a0 173 886,08 z\u0142 &nbsp; Program wieloletni \u201eSenior +\u201d edycja 2022 DOFINANSOWANIE\u00a0\u00a0 55 958,00 z\u0142 &hellip; <\/p>\n<p class=\"link-more\"><a href=\"https:\/\/senior.drwinia.pl\/?page_id=1144\" class=\"more-link\">Czytaj dalej<span class=\"screen-reader-text\"> Programy realizowane ze \u015brodk\u00f3w bud\u017cetu pa\u0144stwa.<\/span><\/a><\/p>\n","protected":false},"author":1,"featured_media":0,"parent":0,"menu_order":0,"comment_status":"closed","ping_status":"closed","template":"","meta":{"footnotes":""},"class_list":["post-1144","page","type-page","status-publish","hentry"],"_links":{"self":[{"href":"https:\/\/senior.drwinia.pl\/index.php?rest_route=\/wp\/v2\/pages\/1144","targetHints":{"allow":["GET"]}}],"collection":[{"href":"https:\/\/senior.drwinia.pl\/index.php?rest_route=\/wp\/v2\/pages"}],"about":[{"href":"https:\/\/senior.drwinia.pl\/index.php?rest_route=\/wp\/v2\/types\/page"}],"author":[{"embeddable":true,"href":"https:\/\/senior.drwinia.pl\/index.php?rest_route=\/wp\/v2\/users\/1"}],"replies":[{"embeddable":true,"href":"https:\/\/senior.drwinia.pl\/index.php?rest_route=%2Fwp%2Fv2%2Fcomments&post=1144"}],"version-history":[{"count":8,"href":"https:\/\/senior.drwinia.pl\/index.php?rest_route=\/wp\/v2\/pages\/1144\/revisions"}],"predecessor-version":[{"id":1788,"href":"https:\/\/senior.drwinia.pl\/index.php?rest_route=\/wp\/v2\/pages\/1144\/revisions\/1788"}],"wp:attachment":[{"href":"https:\/\/senior.drwinia.pl\/index.php?rest_route=%2Fwp%2Fv2%2Fmedia&parent=1144"}],"curies":[{"name":"wp","href":"https:\/\/api.w.org\/{rel}","templated":true}]}}