{"id":149,"date":"2020-04-09T12:27:34","date_gmt":"2020-04-09T10:27:34","guid":{"rendered":"http:\/\/www.senior.drwinia.pl\/?page_id=149"},"modified":"2025-02-27T16:29:16","modified_gmt":"2025-02-27T15:29:16","slug":"dokumenty-do-pobrania","status":"publish","type":"page","link":"https:\/\/senior.drwinia.pl\/?page_id=149","title":{"rendered":"Dokumenty do pobrania"},"content":{"rendered":"<p>DOKUMENTY REKRUTACYJNE DO DDS+:<\/p>\n<p>1. <a href=\"https:\/\/senior.drwinia.pl\/wp-content\/uploads\/2025\/02\/Wniosek-o-przyjecie-do-DDS.docx\">Wniosek o przyj\u0119cie do DDS+<\/a><br \/>\n2. <a href=\"https:\/\/senior.drwinia.pl\/wp-content\/uploads\/2025\/02\/Zaswiadczenie-lekarskie-DDS.docx\">Za\u015bwiadczenie lekarskie DDS+<\/a><br \/>\n3. <a href=\"https:\/\/senior.drwinia.pl\/wp-content\/uploads\/2025\/02\/Kwestionariusz-zgloszeniowy-DDS.docx\">Kwestionariusz zgloszeniowy DDS+<\/a><br \/>\n4.<a href=\"https:\/\/senior.drwinia.pl\/wp-content\/uploads\/2025\/02\/Oswiadczenie-DDS.docx\">O\u015bwiadczenie DDS+<\/a><\/p>\n<p>DOKUMENTY REKRUTACYJNE (PODSTAWOWA):<\/p>\n<ol>\n<li><a href=\"https:\/\/senior.drwinia.pl\/wp-content\/uploads\/2021\/03\/Regulamin-rekrutacji-i-uczestnictwa-w-projekcie.doc\">Regulamin rekrutacji i uczestnictwa w projekcie \u2013 wersja DOC<\/a><\/li>\n<li><a href=\"https:\/\/senior.drwinia.pl\/wp-content\/uploads\/2021\/03\/Regulamin-rekrutacji-i-uczestnictwa-w-projekcie.pdf\">Regulamin rekrutacji i uczestnictwa w projekcie \u2013 wersja PDF<\/a><\/li>\n<li><a href=\"https:\/\/senior.drwinia.pl\/wp-content\/uploads\/2021\/03\/Za\u0142\u0105cznik-nr-1-Formularz-Zg\u0142oszeniowy-Osoba-Niesamodzielna.doc\">Formularz zg\u0142oszeniowy (OSOBA NIESAMODZIELNA) \u2013 wersja DOC<\/a><\/li>\n<li><a href=\"https:\/\/senior.drwinia.pl\/wp-content\/uploads\/2021\/03\/Za\u0142\u0105cznik-nr-1-Formularz-Zg\u0142oszeniowy-Osoba-Niesamodzielna.pdf\">Formularz zg\u0142oszeniowy (OSOBA NIESAMODZIELNA) \u2013 wersja PDF<\/a><\/li>\n<li><a href=\"https:\/\/senior.drwinia.pl\/wp-content\/uploads\/2021\/03\/Za\u0142\u0105cznik-nr-3-Formularz-zg\u0142oszeniowy-opiekun-nieformalny.doc\">Formularz zg\u0142oszeniowy (OPIEKUN NIEFORMALNY) \u2013 wersja DOC<\/a><\/li>\n<li><a href=\"https:\/\/senior.drwinia.pl\/wp-content\/uploads\/2021\/03\/Za\u0142\u0105cznik-nr-3-Formularz-zg\u0142oszeniowy-opiekun-nieformalny.pdf\">Formularz zg\u0142oszeniowy (OPIEKUN NIEFORMALNY) \u2013 wersja PDF<\/a><\/li>\n<li><a href=\"https:\/\/senior.drwinia.pl\/wp-content\/uploads\/2021\/03\/Za\u0142\u0105cznik-nr-2-do-Regulaminu-rekrutacji-i-uczestnictwa-w-projekcie.doc\">ZA\u015aWIADCZENIE LEKARSKIE potwierdzaj\u0105ce mo\u017cliwo\u015b\u0107\/wskazanie do korzystania z us\u0142ug usprawniaj\u0105co\u2013aktywizuj\u0105cych w Dziennym Domu Senior+ w Woli Drwi\u0144skiej \u2013 wersja DOC<\/a><\/li>\n<li><a href=\"https:\/\/senior.drwinia.pl\/wp-content\/uploads\/2021\/03\/Za\u0142\u0105cznik-nr-2-do-Regulaminu-rekrutacji-i-uczestnictwa-w-projekcie.pdf\">ZA\u015aWIADCZENIE LEKARSKIE potwierdzaj\u0105ce mo\u017cliwo\u015b\u0107\/wskazanie do korzystania z us\u0142ug usprawniaj\u0105co\u2013aktywizuj\u0105cych w Dziennym Domu Senior+ w Woli Drwi\u0144skiej \u2013 wersja PDF<\/a><\/li>\n<li><a href=\"https:\/\/senior.drwinia.pl\/wp-content\/uploads\/2021\/03\/Za\u0142\u0105cznik-nr-4-O\u015bwiadczennie-uczestnika-projektu.doc\">O\u015bwiadczenie uczestnika projektu &#8211; wersja DOC<\/a><\/li>\n<li><a href=\"https:\/\/senior.drwinia.pl\/wp-content\/uploads\/2021\/03\/Za\u0142\u0105cznik-nr-4-O\u015bwiadczennie-uczestnika-projektu.pdf\">O\u015bwiadczenie uczestnika projektu &#8211; wersja PDF<\/a><\/li>\n<\/ol>\n<p>DOKUMENTY REKRUTACYJNE (UZUPE\u0141NIAJ\u0104CA):<\/p>\n<ol>\n<li><a href=\"https:\/\/senior.drwinia.pl\/wp-content\/uploads\/2022\/10\/Regulamin-rekrutacji-i-uczestnictwa-w-projekcie-2.doc\">Regulamin rekrutacji uzupe\u0142niaj\u0105cej i uczestnictwa w projekcie \u2013 wersja DOC<\/a><\/li>\n<li><a href=\"https:\/\/senior.drwinia.pl\/wp-content\/uploads\/2022\/10\/Regulamin-rekrutacji-i-uczestnictwa-w-projekcie-2.pdf\">Regulamin rekrutacji uzupe\u0142niaj\u0105cej i uczestnictwa w projekcie \u2013 wersja PDF<\/a><\/li>\n<li><a href=\"https:\/\/senior.drwinia.pl\/wp-content\/uploads\/2022\/10\/Za\u0142\u0105cznik-nr-1-Formularz-Zg\u0142oszeniowy-Osoba-Niesamodzielna.doc\">Formularz zg\u0142oszeniowy (OSOBA NIESAMODZIELNA) \u2013 wersja DOC<\/a><\/li>\n<li><a href=\"https:\/\/senior.drwinia.pl\/wp-content\/uploads\/2022\/10\/Za\u0142\u0105cznik-nr-1-Formularz-Zg\u0142oszeniowy-Osoba-Niesamodzielna.pdf\">Formularz zg\u0142oszeniowy (OSOBA NIESAMODZIELNA) \u2013 wersja PDF<\/a><\/li>\n<li><a href=\"https:\/\/senior.drwinia.pl\/wp-content\/uploads\/2022\/10\/Za\u0142\u0105cznik-nr-3-Formularz-zg\u0142oszeniowy-opiekun-nieformalny.doc\">Formularz zg\u0142oszeniowy (OPIEKUN NIEFORMALNY) \u2013 wersja DOC<\/a><\/li>\n<li><a href=\"https:\/\/senior.drwinia.pl\/wp-content\/uploads\/2022\/10\/Za\u0142\u0105cznik-nr-3-Formularz-zg\u0142oszeniowy-opiekun-nieformalny.pdf\">Formularz zg\u0142oszeniowy (OPIEKUN NIEFORMALNY) \u2013 wersja PDF<\/a><\/li>\n<li><a href=\"https:\/\/senior.drwinia.pl\/wp-content\/uploads\/2022\/10\/Za\u0142\u0105cznik-nr-2-do-Regulaminu-rekrutacji-i-uczestnictwa-w-projekcie.doc\">ZA\u015aWIADCZENIE LEKARSKIE potwierdzaj\u0105ce mo\u017cliwo\u015b\u0107\/wskazanie do korzystania z us\u0142ug usprawniaj\u0105co\u2013aktywizuj\u0105cych w Dziennym Domu Senior+ w Woli Drwi\u0144skiej \u2013 wersja DOC<\/a><\/li>\n<li><a href=\"https:\/\/senior.drwinia.pl\/wp-content\/uploads\/2022\/10\/Za\u0142\u0105cznik-nr-2-do-Regulaminu-rekrutacji-i-uczestnictwa-w-projekcie.pdf\">ZA\u015aWIADCZENIE LEKARSKIE potwierdzaj\u0105ce mo\u017cliwo\u015b\u0107\/wskazanie do korzystania z us\u0142ug usprawniaj\u0105co\u2013aktywizuj\u0105cych w Dziennym Domu Senior+ w Woli Drwi\u0144skiej \u2013 wersja PDF<\/a><\/li>\n<li><a href=\"https:\/\/senior.drwinia.pl\/wp-content\/uploads\/2022\/10\/Za\u0142\u0105cznik-nr-4-O\u015bwiadczennie-uczestnika-projektu.doc\">O\u015bwiadczenie uczestnika projektu \u2013 wersja DOC<\/a><\/li>\n<li><a href=\"https:\/\/senior.drwinia.pl\/wp-content\/uploads\/2022\/10\/Za\u0142\u0105cznik-nr-4-O\u015bwiadczennie-uczestnika-projektu.pdf\">O\u015bwiadczenie uczestnika projektu \u2013 wersja PDF<\/a><\/li>\n<li><a href=\"https:\/\/senior.drwinia.pl\/wp-content\/uploads\/2021\/03\/Uchwa\u0142a-Rady-Gminy-Drwinia-z-dnia-26-luty-2021.pdf\">Uchwa\u0142a Rady Gminy Drwinia z dnia 26 luty 2021<\/a><\/li>\n<\/ol>\n<p>POZOSTA\u0141E DOKUMENTY:<\/p>\n<ol>\n<li><a href=\"https:\/\/senior.drwinia.pl\/wp-content\/uploads\/2021\/03\/Uchwa\u0142a-Rady-Gminy-Drwinia-z-dnia-26-luty-2021.pdf\">Uchwa\u0142a Rady Gminy Drwinia z dnia 26 luty 2021<\/a><\/li>\n<li><a href=\"https:\/\/senior.drwinia.pl\/wp-content\/uploads\/2020\/12\/Formularz.doc\">Powiadomienie o zamiarze skorzystania ze \u015bwiadczenia us\u0142ug t\u0142umacza PJM, SJM, SKOGN &#8211; wersja DOC<\/a><\/li>\n<li><a href=\"https:\/\/senior.drwinia.pl\/wp-content\/uploads\/2020\/12\/Formularz.pdf\">Powiadomienie o zamiarze skorzystania ze \u015bwiadczenia us\u0142ug t\u0142umacza PJM, SJM, SKOGN &#8211; wersja PDF<\/a><\/li>\n<\/ol>\n","protected":false},"excerpt":{"rendered":"<p>DOKUMENTY REKRUTACYJNE DO DDS+: 1. Wniosek o przyj\u0119cie do DDS+ 2. Za\u015bwiadczenie lekarskie DDS+ 3. Kwestionariusz zgloszeniowy DDS+ 4.O\u015bwiadczenie DDS+ DOKUMENTY REKRUTACYJNE (PODSTAWOWA): Regulamin rekrutacji i uczestnictwa w projekcie \u2013 wersja DOC Regulamin rekrutacji i uczestnictwa w projekcie \u2013 wersja PDF Formularz zg\u0142oszeniowy (OSOBA NIESAMODZIELNA) \u2013 wersja DOC Formularz zg\u0142oszeniowy (OSOBA NIESAMODZIELNA) \u2013 wersja PDF &hellip; <\/p>\n<p class=\"link-more\"><a href=\"https:\/\/senior.drwinia.pl\/?page_id=149\" class=\"more-link\">Czytaj dalej<span class=\"screen-reader-text\"> Dokumenty do pobrania<\/span><\/a><\/p>\n","protected":false},"author":1,"featured_media":0,"parent":0,"menu_order":0,"comment_status":"closed","ping_status":"closed","template":"","meta":{"footnotes":""},"class_list":["post-149","page","type-page","status-publish","hentry"],"_links":{"self":[{"href":"https:\/\/senior.drwinia.pl\/index.php?rest_route=\/wp\/v2\/pages\/149","targetHints":{"allow":["GET"]}}],"collection":[{"href":"https:\/\/senior.drwinia.pl\/index.php?rest_route=\/wp\/v2\/pages"}],"about":[{"href":"https:\/\/senior.drwinia.pl\/index.php?rest_route=\/wp\/v2\/types\/page"}],"author":[{"embeddable":true,"href":"https:\/\/senior.drwinia.pl\/index.php?rest_route=\/wp\/v2\/users\/1"}],"replies":[{"embeddable":true,"href":"https:\/\/senior.drwinia.pl\/index.php?rest_route=%2Fwp%2Fv2%2Fcomments&post=149"}],"version-history":[{"count":21,"href":"https:\/\/senior.drwinia.pl\/index.php?rest_route=\/wp\/v2\/pages\/149\/revisions"}],"predecessor-version":[{"id":1773,"href":"https:\/\/senior.drwinia.pl\/index.php?rest_route=\/wp\/v2\/pages\/149\/revisions\/1773"}],"wp:attachment":[{"href":"https:\/\/senior.drwinia.pl\/index.php?rest_route=%2Fwp%2Fv2%2Fmedia&parent=149"}],"curies":[{"name":"wp","href":"https:\/\/api.w.org\/{rel}","templated":true}]}}