{"id":162,"date":"2020-04-09T12:31:27","date_gmt":"2020-04-09T10:31:27","guid":{"rendered":"http:\/\/www.senior.drwinia.pl\/?page_id=162"},"modified":"2025-02-27T16:36:53","modified_gmt":"2025-02-27T15:36:53","slug":"o-gminnym-centrum-opieki","status":"publish","type":"page","link":"https:\/\/senior.drwinia.pl\/?page_id=162","title":{"rendered":"O Dziennym Domu Senior+"},"content":{"rendered":"<p>W celu wykonywania zada\u0144 w\u0142asnych Gminy Drwinia w zakresie zapewnienia wsparcia seniorom poprzez umo\u017cliwienie korzystania z oferty opieku\u0144czej, aktywizuj\u0105cej, edukacyjnej, kulturalnej oraz prozdrowotnej zosta\u0142 utworzony o\u015brodek wsparcia dla os\u00f3b starszych pod nazw\u0105 Dzienny Dom Senior+ z siedzib\u0105 w Woli Drwi\u0144skiej.<\/p>\n<p>Dzienny Dom Senior+ zosta\u0142 utworzony w ramach realizacji Projektu pn. &#8222;Utworzenie plac\u00f3wki zapewniaj\u0105cej dzienn\u0105 opiek\u0119 i aktywizacj\u0119 os\u00f3b niesamodzielnych na terenie Gminy Drwinia realizowany jest przez Gmin\u0119 Drwinia&#8221; i zgodnie z za\u0142o\u017ceniami Programu Wieloletniego Senior+ na lata 2015-2020, dzia\u0142a w strukturze Gminnego O\u015brodka Pomocy Spo\u0142ecznej w Drwini.\u00a0 Celem w\/w projektu jest zwi\u0119kszenie dost\u0119pno\u015bci us\u0142ug spo\u0142ecznych na terenie Gminy Drwinia poprzez utworzenie dla 15 os\u00f3b dziennego o\u015brodka opieki dla os\u00f3b starszych w tym niesamodzielnych w Woli Drwi\u0144skiej, zapewnienie im us\u0142ug opieku\u0144czo piel\u0119gnacyjnych oraz aktywizuj\u0105co-usprawniaj\u0105cych jak r\u00f3wnie\u017c wsparcie 15 opiekun\u00f3w faktycznych\/rodzin poprzez us\u0142ugi wspomagaj\u0105ce.<\/p>\n<p>Dzienny Dom Senior + w Woli Dwi\u0144skiej jest plac\u00f3wk\u0105 dziennego pobytu przeznaczon\u0105 dla 15 os\u00f3b powy\u017cej 60 roku \u017cycia, kobiet i m\u0119\u017cczyzn. Podopieczni plac\u00f3wki ze wzgl\u0119du na wiek, chorob\u0119 lub niepe\u0142nosprawno\u015b\u0107 wymagaj\u0105 cz\u0119\u015bciowej opieki i pomocy w zaspakajaniu podstawowych potrzeb \u017cyciowych, szczeg\u00f3lnie osoby, kt\u00f3re ze wzgl\u0119du na swoj\u0105 sytuacj\u0119 zdrowotn\u0105 i rodzinn\u0105 wymagaj\u0105 wsparcia w zakresie funkcjonowania oraz integracji i w\u0142\u0105czenia spo\u0142ecznego. Wszystkie dzia\u0142ania prowadzone w plac\u00f3wce nakierowane s\u0105 na utrzymanie senior\u00f3w w dobrej sprawno\u015bci psychofizycznej i zaspokojenie potrzeb ludzi starszych (art. 51.1 ustawy o pomocy spo\u0142ecznej). Dom zapewnia 8 godzinn\u0105 ofert\u0119 us\u0142ug od poniedzia\u0142ku do pi\u0105tku w dni robocze, z wy\u0142\u0105czeniem \u015bwi\u0105t ustawowo wolnych od pracy.<\/p>\n<p>Rodzaj i zakres realizowanych przez Dom zada\u0144 oraz \u015bwiadczonych w nim us\u0142ug uzale\u017cniony jest od potrzeb i oczekiwa\u0144 uczestnik\u00f3w, adekwatnie do ich faktycznych mo\u017cliwo\u015bci wynikaj\u0105cych z wieku i stanu zdrowia.<br \/>\nZakres us\u0142ug \u015bwiadczonych w plac\u00f3wce obejmuje:<br \/>\na) us\u0142ugi opieku\u0144czo \u2013piel\u0119gnacyjne z dowozem uczestnik\u00f3w,mo\u017cliwo\u015bci\u0105 pobytu w miejscu spe\u0142niaj\u0105cym odpowiednie warunki lokalowe, gwarantuj\u0105cym prawid\u0142ow\u0105 realizacj\u0119 us\u0142ug, ciep\u0142y posi\u0142ek, pomoc w podstawowych czynno\u015bciach \u017cyciowych oraz opiek\u0119 higieniczn\u0105 w niezb\u0119dnym zakresie,<br \/>\nb) us\u0142ugi aktywizuj\u0105co \u2013 usprawniaj\u0105ce obejmuj\u0105ce m.in. organizacj\u0119 czasu wolnego, \u00a0udzia\u0142 w zaj\u0119ciach terapeutycznych, udzia\u0142 w zaj\u0119ciach podnosz\u0105cych sprawno\u015b\u0107 psychiczn\u0105 i \u00a0fizyczn\u0105 i \u00a0aktywizuj\u0105cych \u00a0do uczestnictwa w \u017cyciu spo\u0142ecznym,<br \/>\nc) us\u0142ugi wspomagaj\u0105ce polegaj\u0105ce m.in. na udzielaniu informacji, edukacji, wsparciu \u00a0i \u00a0poradnictwu, zar\u00f3wno dla uczestnik\u00f3w, jak i ich opiekun\u00f3w nieformalnych.<\/p>\n","protected":false},"excerpt":{"rendered":"<p>W celu wykonywania zada\u0144 w\u0142asnych Gminy Drwinia w zakresie zapewnienia wsparcia seniorom poprzez umo\u017cliwienie korzystania z oferty opieku\u0144czej, aktywizuj\u0105cej, edukacyjnej, kulturalnej oraz prozdrowotnej zosta\u0142 utworzony o\u015brodek wsparcia dla os\u00f3b starszych pod nazw\u0105 Dzienny Dom Senior+ z siedzib\u0105 w Woli Drwi\u0144skiej. Dzienny Dom Senior+ zosta\u0142 utworzony w ramach realizacji Projektu pn. &#8222;Utworzenie plac\u00f3wki zapewniaj\u0105cej dzienn\u0105 opiek\u0119 &hellip; <\/p>\n<p class=\"link-more\"><a href=\"https:\/\/senior.drwinia.pl\/?page_id=162\" class=\"more-link\">Czytaj dalej<span class=\"screen-reader-text\"> O Dziennym Domu Senior+<\/span><\/a><\/p>\n","protected":false},"author":1,"featured_media":0,"parent":0,"menu_order":0,"comment_status":"closed","ping_status":"closed","template":"","meta":{"footnotes":""},"class_list":["post-162","page","type-page","status-publish","hentry"],"_links":{"self":[{"href":"https:\/\/senior.drwinia.pl\/index.php?rest_route=\/wp\/v2\/pages\/162","targetHints":{"allow":["GET"]}}],"collection":[{"href":"https:\/\/senior.drwinia.pl\/index.php?rest_route=\/wp\/v2\/pages"}],"about":[{"href":"https:\/\/senior.drwinia.pl\/index.php?rest_route=\/wp\/v2\/types\/page"}],"author":[{"embeddable":true,"href":"https:\/\/senior.drwinia.pl\/index.php?rest_route=\/wp\/v2\/users\/1"}],"replies":[{"embeddable":true,"href":"https:\/\/senior.drwinia.pl\/index.php?rest_route=%2Fwp%2Fv2%2Fcomments&post=162"}],"version-history":[{"count":10,"href":"https:\/\/senior.drwinia.pl\/index.php?rest_route=\/wp\/v2\/pages\/162\/revisions"}],"predecessor-version":[{"id":1774,"href":"https:\/\/senior.drwinia.pl\/index.php?rest_route=\/wp\/v2\/pages\/162\/revisions\/1774"}],"wp:attachment":[{"href":"https:\/\/senior.drwinia.pl\/index.php?rest_route=%2Fwp%2Fv2%2Fmedia&parent=162"}],"curies":[{"name":"wp","href":"https:\/\/api.w.org\/{rel}","templated":true}]}}